{"id":54,"date":"2019-09-02T14:37:29","date_gmt":"2019-09-02T14:37:29","guid":{"rendered":"https:\/\/www.physiozentrum-muri.ch\/?page_id=54"},"modified":"2025-09-02T09:00:11","modified_gmt":"2025-09-02T08:00:11","slug":"nadja-beck","status":"publish","type":"page","link":"https:\/\/www.physiozentrum-muri.ch\/index.php\/ueber-uns\/nadja-beck\/","title":{"rendered":"Nadja Beck"},"content":{"rendered":"\n<div class=\"wp-block-columns is-layout-flex wp-container-core-columns-is-layout-9d6595d7 wp-block-columns-is-layout-flex\">\n<div class=\"wp-block-column is-layout-flow wp-block-column-is-layout-flow\">\n<div class=\"wp-block-media-text alignwide is-stacked-on-mobile\" style=\"grid-template-columns:30% auto\" id=\"Nadja-Beck\"><figure class=\"wp-block-media-text__media\"><img loading=\"lazy\" decoding=\"async\" width=\"683\" height=\"1024\" src=\"https:\/\/www.physiozentrum-muri.ch\/wp-content\/uploads\/2019\/09\/IMG_7451-683x1024.jpg\" alt=\"\" class=\"wp-image-166 size-large\" srcset=\"https:\/\/www.physiozentrum-muri.ch\/wp-content\/uploads\/2019\/09\/IMG_7451-683x1024.jpg 683w, https:\/\/www.physiozentrum-muri.ch\/wp-content\/uploads\/2019\/09\/IMG_7451-200x300.jpg 200w, https:\/\/www.physiozentrum-muri.ch\/wp-content\/uploads\/2019\/09\/IMG_7451-768x1152.jpg 768w\" sizes=\"auto, (max-width: 683px) 100vw, 683px\" \/><\/figure><div class=\"wp-block-media-text__content\">\n<h1 class=\"wp-block-heading\">Nadja Beck<\/h1>\n\n\n\n<h4 class=\"wp-block-heading\">Dipl. Physiotherapeutin FH<\/h4>\n<\/div><\/div>\n<\/div>\n<\/div>\n\n\n\n<p>Der Aufbau vom menschlichen  K\u00f6rper sowie die Bewegung im Sport haben mich schon fr\u00fch interessiert.  So mache ich auch seit meiner Kindheit viele verschiedene     Sportarten wie Leichtathletik, Aerobic und Ger\u00e4teturnen. Im Beruf  als Physiotherapeutin kann ich meine Interessen optimal verbinden.<\/p>\n\n\n\n<p>W\u00e4hrend meiner Ausbildung  sammelte ich viele Fachkenntnisse im orthop\u00e4dischen Bereich in der SUVA  Bellikon mit meist mehrfachbetroffene Patienten. Weitere     Erfahrungen mit station\u00e4rer und ambulanter Therapie im Fachbereich  Innere Medizin und neurologischer Probleme durfte ich in Baden  mitnehmen. Vorallem das Arbeiten mit ambulanten Pateinten hat mir     viel Freude bereitet.<\/p>\n\n\n\n<p>So arbeite ich seit August 2015 im Physiozentrum Muri und darf das Team mit meinem Wissen unterst\u00fctzen.<\/p>\n\n\n\n<h4 class=\"wp-block-heading has-medium-font-size\">Meine Aus-und Weiterbildungen: <\/h4>\n\n\n\n<ul class=\"wp-block-list\">\n<li>Manuelle Therapie nach Maitland und Kaltenborn<\/li>\n\n\n\n<li>Pilates Care Instruktorin<\/li>\n\n\n\n<li>Praktische Erfahrung mit neurologischen Patienten<\/li>\n\n\n\n<li>Kinesio Tape<\/li>\n\n\n\n<li>praktische Erfahrung \/ Weiterbildungen orthop\u00e4dische\/chirurgische Rehabilitation, rheumatologische Erkrankungen<\/li>\n<\/ul>\n","protected":false},"excerpt":{"rendered":"<p>Nadja Beck Dipl. Physiotherapeutin FH Der Aufbau vom menschlichen K\u00f6rper sowie die Bewegung im Sport haben mich schon fr\u00fch interessiert. So mache ich auch seit meiner Kindheit viele verschiedene Sportarten wie Leichtathletik, Aerobic und Ger\u00e4teturnen. Im Beruf als Physiotherapeutin kann<\/p>\n","protected":false},"author":1,"featured_media":0,"parent":47,"menu_order":0,"comment_status":"closed","ping_status":"closed","template":"","meta":{"footnotes":""},"class_list":["post-54","page","type-page","status-publish","hentry"],"yoast_head":"<!-- This site is optimized with the Yoast SEO plugin v26.0 - https:\/\/yoast.com\/wordpress\/plugins\/seo\/ -->\n<title>Nadja Beck - Physiozentrum Muri<\/title>\n<meta name=\"robots\" content=\"index, follow, max-snippet:-1, max-image-preview:large, max-video-preview:-1\" \/>\n<link rel=\"canonical\" href=\"https:\/\/www.physiozentrum-muri.ch\/index.php\/ueber-uns\/nadja-beck\/\" \/>\n<meta property=\"og:locale\" content=\"de_DE\" \/>\n<meta property=\"og:type\" content=\"article\" \/>\n<meta property=\"og:title\" content=\"Nadja Beck - Physiozentrum Muri\" \/>\n<meta property=\"og:description\" content=\"Nadja Beck Dipl. Physiotherapeutin FH Der Aufbau vom menschlichen K\u00f6rper sowie die Bewegung im Sport haben mich schon fr\u00fch interessiert. So mache ich auch seit meiner Kindheit viele verschiedene Sportarten wie Leichtathletik, Aerobic und Ger\u00e4teturnen. Im Beruf als Physiotherapeutin kann\" \/>\n<meta property=\"og:url\" content=\"https:\/\/www.physiozentrum-muri.ch\/index.php\/ueber-uns\/nadja-beck\/\" \/>\n<meta property=\"og:site_name\" content=\"Physiozentrum Muri\" \/>\n<meta property=\"article:modified_time\" content=\"2025-09-02T08:00:11+00:00\" \/>\n<meta property=\"og:image\" content=\"https:\/\/www.physiozentrum-muri.ch\/wp-content\/uploads\/2019\/09\/IMG_7451-683x1024.jpg\" \/>\n<meta name=\"twitter:card\" content=\"summary_large_image\" \/>\n<meta name=\"twitter:label1\" content=\"Gesch\u00e4tzte Lesezeit\" \/>\n\t<meta name=\"twitter:data1\" content=\"1\u00a0Minute\" \/>\n<script type=\"application\/ld+json\" class=\"yoast-schema-graph\">{\"@context\":\"https:\/\/schema.org\",\"@graph\":[{\"@type\":\"WebPage\",\"@id\":\"https:\/\/www.physiozentrum-muri.ch\/index.php\/ueber-uns\/nadja-beck\/\",\"url\":\"https:\/\/www.physiozentrum-muri.ch\/index.php\/ueber-uns\/nadja-beck\/\",\"name\":\"Nadja Beck - Physiozentrum Muri\",\"isPartOf\":{\"@id\":\"https:\/\/www.physiozentrum-muri.ch\/#website\"},\"primaryImageOfPage\":{\"@id\":\"https:\/\/www.physiozentrum-muri.ch\/index.php\/ueber-uns\/nadja-beck\/#primaryimage\"},\"image\":{\"@id\":\"https:\/\/www.physiozentrum-muri.ch\/index.php\/ueber-uns\/nadja-beck\/#primaryimage\"},\"thumbnailUrl\":\"https:\/\/www.physiozentrum-muri.ch\/wp-content\/uploads\/2019\/09\/IMG_7451-683x1024.jpg\",\"datePublished\":\"2019-09-02T14:37:29+00:00\",\"dateModified\":\"2025-09-02T08:00:11+00:00\",\"breadcrumb\":{\"@id\":\"https:\/\/www.physiozentrum-muri.ch\/index.php\/ueber-uns\/nadja-beck\/#breadcrumb\"},\"inLanguage\":\"de\",\"potentialAction\":[{\"@type\":\"ReadAction\",\"target\":[\"https:\/\/www.physiozentrum-muri.ch\/index.php\/ueber-uns\/nadja-beck\/\"]}]},{\"@type\":\"ImageObject\",\"inLanguage\":\"de\",\"@id\":\"https:\/\/www.physiozentrum-muri.ch\/index.php\/ueber-uns\/nadja-beck\/#primaryimage\",\"url\":\"https:\/\/www.physiozentrum-muri.ch\/wp-content\/uploads\/2019\/09\/IMG_7451.jpg\",\"contentUrl\":\"https:\/\/www.physiozentrum-muri.ch\/wp-content\/uploads\/2019\/09\/IMG_7451.jpg\",\"width\":3737,\"height\":5605},{\"@type\":\"BreadcrumbList\",\"@id\":\"https:\/\/www.physiozentrum-muri.ch\/index.php\/ueber-uns\/nadja-beck\/#breadcrumb\",\"itemListElement\":[{\"@type\":\"ListItem\",\"position\":1,\"name\":\"Startseite\",\"item\":\"https:\/\/www.physiozentrum-muri.ch\/\"},{\"@type\":\"ListItem\",\"position\":2,\"name\":\"Team\",\"item\":\"https:\/\/www.physiozentrum-muri.ch\/index.php\/ueber-uns\/\"},{\"@type\":\"ListItem\",\"position\":3,\"name\":\"Nadja Beck\"}]},{\"@type\":\"WebSite\",\"@id\":\"https:\/\/www.physiozentrum-muri.ch\/#website\",\"url\":\"https:\/\/www.physiozentrum-muri.ch\/\",\"name\":\"Physiozentrum Muri\",\"description\":\"Wohlf\u00fchlen und Gesund werden\",\"publisher\":{\"@id\":\"https:\/\/www.physiozentrum-muri.ch\/#organization\"},\"potentialAction\":[{\"@type\":\"SearchAction\",\"target\":{\"@type\":\"EntryPoint\",\"urlTemplate\":\"https:\/\/www.physiozentrum-muri.ch\/?s={search_term_string}\"},\"query-input\":{\"@type\":\"PropertyValueSpecification\",\"valueRequired\":true,\"valueName\":\"search_term_string\"}}],\"inLanguage\":\"de\"},{\"@type\":\"Organization\",\"@id\":\"https:\/\/www.physiozentrum-muri.ch\/#organization\",\"name\":\"Physiozentrum Muri, Nicole Ransburg\",\"url\":\"https:\/\/www.physiozentrum-muri.ch\/\",\"logo\":{\"@type\":\"ImageObject\",\"inLanguage\":\"de\",\"@id\":\"https:\/\/www.physiozentrum-muri.ch\/#\/schema\/logo\/image\/\",\"url\":\"https:\/\/www.physiozentrum-muri.ch\/wp-content\/uploads\/2019\/09\/cropped-Logo-e1569530084229.jpg\",\"contentUrl\":\"https:\/\/www.physiozentrum-muri.ch\/wp-content\/uploads\/2019\/09\/cropped-Logo-e1569530084229.jpg\",\"width\":400,\"height\":114,\"caption\":\"Physiozentrum Muri, Nicole Ransburg\"},\"image\":{\"@id\":\"https:\/\/www.physiozentrum-muri.ch\/#\/schema\/logo\/image\/\"}}]}<\/script>\n<!-- \/ Yoast SEO plugin. -->","yoast_head_json":{"title":"Nadja Beck - Physiozentrum Muri","robots":{"index":"index","follow":"follow","max-snippet":"max-snippet:-1","max-image-preview":"max-image-preview:large","max-video-preview":"max-video-preview:-1"},"canonical":"https:\/\/www.physiozentrum-muri.ch\/index.php\/ueber-uns\/nadja-beck\/","og_locale":"de_DE","og_type":"article","og_title":"Nadja Beck - Physiozentrum Muri","og_description":"Nadja Beck Dipl. Physiotherapeutin FH Der Aufbau vom menschlichen K\u00f6rper sowie die Bewegung im Sport haben mich schon fr\u00fch interessiert. So mache ich auch seit meiner Kindheit viele verschiedene Sportarten wie Leichtathletik, Aerobic und Ger\u00e4teturnen. Im Beruf als Physiotherapeutin kann","og_url":"https:\/\/www.physiozentrum-muri.ch\/index.php\/ueber-uns\/nadja-beck\/","og_site_name":"Physiozentrum Muri","article_modified_time":"2025-09-02T08:00:11+00:00","og_image":[{"url":"https:\/\/www.physiozentrum-muri.ch\/wp-content\/uploads\/2019\/09\/IMG_7451-683x1024.jpg","type":"","width":"","height":""}],"twitter_card":"summary_large_image","twitter_misc":{"Gesch\u00e4tzte Lesezeit":"1\u00a0Minute"},"schema":{"@context":"https:\/\/schema.org","@graph":[{"@type":"WebPage","@id":"https:\/\/www.physiozentrum-muri.ch\/index.php\/ueber-uns\/nadja-beck\/","url":"https:\/\/www.physiozentrum-muri.ch\/index.php\/ueber-uns\/nadja-beck\/","name":"Nadja Beck - Physiozentrum Muri","isPartOf":{"@id":"https:\/\/www.physiozentrum-muri.ch\/#website"},"primaryImageOfPage":{"@id":"https:\/\/www.physiozentrum-muri.ch\/index.php\/ueber-uns\/nadja-beck\/#primaryimage"},"image":{"@id":"https:\/\/www.physiozentrum-muri.ch\/index.php\/ueber-uns\/nadja-beck\/#primaryimage"},"thumbnailUrl":"https:\/\/www.physiozentrum-muri.ch\/wp-content\/uploads\/2019\/09\/IMG_7451-683x1024.jpg","datePublished":"2019-09-02T14:37:29+00:00","dateModified":"2025-09-02T08:00:11+00:00","breadcrumb":{"@id":"https:\/\/www.physiozentrum-muri.ch\/index.php\/ueber-uns\/nadja-beck\/#breadcrumb"},"inLanguage":"de","potentialAction":[{"@type":"ReadAction","target":["https:\/\/www.physiozentrum-muri.ch\/index.php\/ueber-uns\/nadja-beck\/"]}]},{"@type":"ImageObject","inLanguage":"de","@id":"https:\/\/www.physiozentrum-muri.ch\/index.php\/ueber-uns\/nadja-beck\/#primaryimage","url":"https:\/\/www.physiozentrum-muri.ch\/wp-content\/uploads\/2019\/09\/IMG_7451.jpg","contentUrl":"https:\/\/www.physiozentrum-muri.ch\/wp-content\/uploads\/2019\/09\/IMG_7451.jpg","width":3737,"height":5605},{"@type":"BreadcrumbList","@id":"https:\/\/www.physiozentrum-muri.ch\/index.php\/ueber-uns\/nadja-beck\/#breadcrumb","itemListElement":[{"@type":"ListItem","position":1,"name":"Startseite","item":"https:\/\/www.physiozentrum-muri.ch\/"},{"@type":"ListItem","position":2,"name":"Team","item":"https:\/\/www.physiozentrum-muri.ch\/index.php\/ueber-uns\/"},{"@type":"ListItem","position":3,"name":"Nadja Beck"}]},{"@type":"WebSite","@id":"https:\/\/www.physiozentrum-muri.ch\/#website","url":"https:\/\/www.physiozentrum-muri.ch\/","name":"Physiozentrum Muri","description":"Wohlf\u00fchlen und Gesund werden","publisher":{"@id":"https:\/\/www.physiozentrum-muri.ch\/#organization"},"potentialAction":[{"@type":"SearchAction","target":{"@type":"EntryPoint","urlTemplate":"https:\/\/www.physiozentrum-muri.ch\/?s={search_term_string}"},"query-input":{"@type":"PropertyValueSpecification","valueRequired":true,"valueName":"search_term_string"}}],"inLanguage":"de"},{"@type":"Organization","@id":"https:\/\/www.physiozentrum-muri.ch\/#organization","name":"Physiozentrum Muri, Nicole Ransburg","url":"https:\/\/www.physiozentrum-muri.ch\/","logo":{"@type":"ImageObject","inLanguage":"de","@id":"https:\/\/www.physiozentrum-muri.ch\/#\/schema\/logo\/image\/","url":"https:\/\/www.physiozentrum-muri.ch\/wp-content\/uploads\/2019\/09\/cropped-Logo-e1569530084229.jpg","contentUrl":"https:\/\/www.physiozentrum-muri.ch\/wp-content\/uploads\/2019\/09\/cropped-Logo-e1569530084229.jpg","width":400,"height":114,"caption":"Physiozentrum Muri, Nicole Ransburg"},"image":{"@id":"https:\/\/www.physiozentrum-muri.ch\/#\/schema\/logo\/image\/"}}]}},"_links":{"self":[{"href":"https:\/\/www.physiozentrum-muri.ch\/index.php\/wp-json\/wp\/v2\/pages\/54","targetHints":{"allow":["GET"]}}],"collection":[{"href":"https:\/\/www.physiozentrum-muri.ch\/index.php\/wp-json\/wp\/v2\/pages"}],"about":[{"href":"https:\/\/www.physiozentrum-muri.ch\/index.php\/wp-json\/wp\/v2\/types\/page"}],"author":[{"embeddable":true,"href":"https:\/\/www.physiozentrum-muri.ch\/index.php\/wp-json\/wp\/v2\/users\/1"}],"replies":[{"embeddable":true,"href":"https:\/\/www.physiozentrum-muri.ch\/index.php\/wp-json\/wp\/v2\/comments?post=54"}],"version-history":[{"count":22,"href":"https:\/\/www.physiozentrum-muri.ch\/index.php\/wp-json\/wp\/v2\/pages\/54\/revisions"}],"predecessor-version":[{"id":836,"href":"https:\/\/www.physiozentrum-muri.ch\/index.php\/wp-json\/wp\/v2\/pages\/54\/revisions\/836"}],"up":[{"embeddable":true,"href":"https:\/\/www.physiozentrum-muri.ch\/index.php\/wp-json\/wp\/v2\/pages\/47"}],"wp:attachment":[{"href":"https:\/\/www.physiozentrum-muri.ch\/index.php\/wp-json\/wp\/v2\/media?parent=54"}],"curies":[{"name":"wp","href":"https:\/\/api.w.org\/{rel}","templated":true}]}}