{"id":56,"date":"2019-09-02T14:42:06","date_gmt":"2019-09-02T13:42:06","guid":{"rendered":"https:\/\/www.physiozentrum-muri.ch\/?page_id=56"},"modified":"2025-09-02T09:00:30","modified_gmt":"2025-09-02T08:00:30","slug":"barbara-wick","status":"publish","type":"page","link":"https:\/\/www.physiozentrum-muri.ch\/index.php\/ueber-uns\/barbara-wick\/","title":{"rendered":"Barbara Wick"},"content":{"rendered":"\n<div class=\"wp-block-columns is-layout-flex wp-container-core-columns-is-layout-9d6595d7 wp-block-columns-is-layout-flex\">\n<div class=\"wp-block-column is-layout-flow wp-block-column-is-layout-flow\">\n<div class=\"wp-block-media-text is-stacked-on-mobile\" style=\"grid-template-columns:30% auto\"><figure class=\"wp-block-media-text__media\"><img loading=\"lazy\" decoding=\"async\" width=\"816\" height=\"1024\" src=\"https:\/\/www.physiozentrum-muri.ch\/wp-content\/uploads\/2023\/12\/Barbara-816x1024.jpg\" alt=\"\" class=\"wp-image-679 size-full\" srcset=\"https:\/\/www.physiozentrum-muri.ch\/wp-content\/uploads\/2023\/12\/Barbara-816x1024.jpg 816w, https:\/\/www.physiozentrum-muri.ch\/wp-content\/uploads\/2023\/12\/Barbara-239x300.jpg 239w, https:\/\/www.physiozentrum-muri.ch\/wp-content\/uploads\/2023\/12\/Barbara-768x964.jpg 768w, https:\/\/www.physiozentrum-muri.ch\/wp-content\/uploads\/2023\/12\/Barbara-1224x1536.jpg 1224w, https:\/\/www.physiozentrum-muri.ch\/wp-content\/uploads\/2023\/12\/Barbara-1632x2048.jpg 1632w, https:\/\/www.physiozentrum-muri.ch\/wp-content\/uploads\/2023\/12\/Barbara-scaled.jpg 2040w\" sizes=\"auto, (max-width: 816px) 100vw, 816px\" \/><\/figure><div class=\"wp-block-media-text__content\">\n<h1 class=\"wp-block-heading\">Barbara Wick<\/h1>\n\n\n\n<h4 class=\"wp-block-heading\">Dipl. Physiotherapeutin FH<\/h4>\n<\/div><\/div>\n<\/div>\n<\/div>\n\n\n\n<p>Seit meinem Abschluss als Physiotherapeutin 1997 arbeitete ich haupts\u00e4chlich im ambulanten Bereich in diversen Privatpraxen. Zudem war ich knapp drei Jahre Betriebsphysiotherapeutin im Briefzentrum Z\u00fcrich-M\u00fclligen der Post und zuvor mehrere Jahre in der Physiotherapie Praxis im Fitnesscenter Baden t\u00e4tig. Die zus\u00e4tzliche Osteopathie Ausbildung erm\u00f6glicht mir einen ganzheitlichen Zugang zu den Patienten.<\/p>\n\n\n\n<p>Seit Juli 2023 bin ich Teil des Teams \u00abPhysiozentrum Muri\u00bb.<\/p>\n\n\n\n<h4 class=\"wp-block-heading has-medium-font-size\">Meine wichtigsten Aus- und Weiterbildungen: <\/h4>\n\n\n\n<ul class=\"wp-block-list\">\n<li>MSc Osteopathie<\/li>\n\n\n\n<li>CAS Ergonomie ZHAW<\/li>\n\n\n\n<li>CAS Pr\u00e4vention und Gesundheitsf\u00f6rderung in Organisationen HSLU<\/li>\n\n\n\n<li>Ausbildung Sportphysiotherapeutin SPT in M\u00fcnchen<\/li>\n\n\n\n<li>Gesamtausbildung in manueller Therapie SAMT<\/li>\n\n\n\n<li>Umgang und Therapie von dementen Menschen<\/li>\n\n\n\n<li>Nordic Walking Instruktorin<\/li>\n\n\n\n<li>Dipl. Physiotherapeutin FH<\/li>\n<\/ul>\n","protected":false},"excerpt":{"rendered":"<p>Barbara Wick Dipl. Physiotherapeutin FH Seit meinem Abschluss als Physiotherapeutin 1997 arbeitete ich haupts\u00e4chlich im ambulanten Bereich in diversen Privatpraxen. Zudem war ich knapp drei Jahre Betriebsphysiotherapeutin im Briefzentrum Z\u00fcrich-M\u00fclligen der Post und zuvor mehrere Jahre in der Physiotherapie Praxis<\/p>\n","protected":false},"author":1,"featured_media":0,"parent":47,"menu_order":0,"comment_status":"closed","ping_status":"closed","template":"","meta":{"footnotes":""},"class_list":["post-56","page","type-page","status-publish","hentry"],"yoast_head":"<!-- This site is optimized with the Yoast SEO plugin v26.0 - https:\/\/yoast.com\/wordpress\/plugins\/seo\/ -->\n<title>Barbara Wick - Physiozentrum Muri<\/title>\n<meta name=\"robots\" content=\"index, follow, max-snippet:-1, max-image-preview:large, max-video-preview:-1\" \/>\n<link rel=\"canonical\" href=\"https:\/\/www.physiozentrum-muri.ch\/index.php\/ueber-uns\/barbara-wick\/\" \/>\n<meta property=\"og:locale\" content=\"de_DE\" \/>\n<meta property=\"og:type\" content=\"article\" \/>\n<meta property=\"og:title\" content=\"Barbara Wick - Physiozentrum Muri\" \/>\n<meta property=\"og:description\" content=\"Barbara Wick Dipl. Physiotherapeutin FH Seit meinem Abschluss als Physiotherapeutin 1997 arbeitete ich haupts\u00e4chlich im ambulanten Bereich in diversen Privatpraxen. Zudem war ich knapp drei Jahre Betriebsphysiotherapeutin im Briefzentrum Z\u00fcrich-M\u00fclligen der Post und zuvor mehrere Jahre in der Physiotherapie Praxis\" \/>\n<meta property=\"og:url\" content=\"https:\/\/www.physiozentrum-muri.ch\/index.php\/ueber-uns\/barbara-wick\/\" \/>\n<meta property=\"og:site_name\" content=\"Physiozentrum Muri\" \/>\n<meta property=\"article:modified_time\" content=\"2025-09-02T08:00:30+00:00\" \/>\n<meta property=\"og:image\" content=\"https:\/\/www.physiozentrum-muri.ch\/wp-content\/uploads\/2023\/12\/Barbara-816x1024.jpg\" \/>\n<meta name=\"twitter:card\" content=\"summary_large_image\" \/>\n<meta name=\"twitter:label1\" content=\"Gesch\u00e4tzte Lesezeit\" \/>\n\t<meta name=\"twitter:data1\" content=\"1\u00a0Minute\" \/>\n<script type=\"application\/ld+json\" class=\"yoast-schema-graph\">{\"@context\":\"https:\/\/schema.org\",\"@graph\":[{\"@type\":\"WebPage\",\"@id\":\"https:\/\/www.physiozentrum-muri.ch\/index.php\/ueber-uns\/barbara-wick\/\",\"url\":\"https:\/\/www.physiozentrum-muri.ch\/index.php\/ueber-uns\/barbara-wick\/\",\"name\":\"Barbara Wick - Physiozentrum Muri\",\"isPartOf\":{\"@id\":\"https:\/\/www.physiozentrum-muri.ch\/#website\"},\"primaryImageOfPage\":{\"@id\":\"https:\/\/www.physiozentrum-muri.ch\/index.php\/ueber-uns\/barbara-wick\/#primaryimage\"},\"image\":{\"@id\":\"https:\/\/www.physiozentrum-muri.ch\/index.php\/ueber-uns\/barbara-wick\/#primaryimage\"},\"thumbnailUrl\":\"https:\/\/www.physiozentrum-muri.ch\/wp-content\/uploads\/2023\/12\/Barbara-816x1024.jpg\",\"datePublished\":\"2019-09-02T13:42:06+00:00\",\"dateModified\":\"2025-09-02T08:00:30+00:00\",\"breadcrumb\":{\"@id\":\"https:\/\/www.physiozentrum-muri.ch\/index.php\/ueber-uns\/barbara-wick\/#breadcrumb\"},\"inLanguage\":\"de\",\"potentialAction\":[{\"@type\":\"ReadAction\",\"target\":[\"https:\/\/www.physiozentrum-muri.ch\/index.php\/ueber-uns\/barbara-wick\/\"]}]},{\"@type\":\"ImageObject\",\"inLanguage\":\"de\",\"@id\":\"https:\/\/www.physiozentrum-muri.ch\/index.php\/ueber-uns\/barbara-wick\/#primaryimage\",\"url\":\"https:\/\/www.physiozentrum-muri.ch\/wp-content\/uploads\/2023\/12\/Barbara-scaled.jpg\",\"contentUrl\":\"https:\/\/www.physiozentrum-muri.ch\/wp-content\/uploads\/2023\/12\/Barbara-scaled.jpg\",\"width\":2040,\"height\":2560},{\"@type\":\"BreadcrumbList\",\"@id\":\"https:\/\/www.physiozentrum-muri.ch\/index.php\/ueber-uns\/barbara-wick\/#breadcrumb\",\"itemListElement\":[{\"@type\":\"ListItem\",\"position\":1,\"name\":\"Startseite\",\"item\":\"https:\/\/www.physiozentrum-muri.ch\/\"},{\"@type\":\"ListItem\",\"position\":2,\"name\":\"Team\",\"item\":\"https:\/\/www.physiozentrum-muri.ch\/index.php\/ueber-uns\/\"},{\"@type\":\"ListItem\",\"position\":3,\"name\":\"Barbara Wick\"}]},{\"@type\":\"WebSite\",\"@id\":\"https:\/\/www.physiozentrum-muri.ch\/#website\",\"url\":\"https:\/\/www.physiozentrum-muri.ch\/\",\"name\":\"Physiozentrum Muri\",\"description\":\"Wohlf\u00fchlen und Gesund werden\",\"publisher\":{\"@id\":\"https:\/\/www.physiozentrum-muri.ch\/#organization\"},\"potentialAction\":[{\"@type\":\"SearchAction\",\"target\":{\"@type\":\"EntryPoint\",\"urlTemplate\":\"https:\/\/www.physiozentrum-muri.ch\/?s={search_term_string}\"},\"query-input\":{\"@type\":\"PropertyValueSpecification\",\"valueRequired\":true,\"valueName\":\"search_term_string\"}}],\"inLanguage\":\"de\"},{\"@type\":\"Organization\",\"@id\":\"https:\/\/www.physiozentrum-muri.ch\/#organization\",\"name\":\"Physiozentrum Muri, Nicole Ransburg\",\"url\":\"https:\/\/www.physiozentrum-muri.ch\/\",\"logo\":{\"@type\":\"ImageObject\",\"inLanguage\":\"de\",\"@id\":\"https:\/\/www.physiozentrum-muri.ch\/#\/schema\/logo\/image\/\",\"url\":\"https:\/\/www.physiozentrum-muri.ch\/wp-content\/uploads\/2019\/09\/cropped-Logo-e1569530084229.jpg\",\"contentUrl\":\"https:\/\/www.physiozentrum-muri.ch\/wp-content\/uploads\/2019\/09\/cropped-Logo-e1569530084229.jpg\",\"width\":400,\"height\":114,\"caption\":\"Physiozentrum Muri, Nicole Ransburg\"},\"image\":{\"@id\":\"https:\/\/www.physiozentrum-muri.ch\/#\/schema\/logo\/image\/\"}}]}<\/script>\n<!-- \/ Yoast SEO plugin. -->","yoast_head_json":{"title":"Barbara Wick - Physiozentrum Muri","robots":{"index":"index","follow":"follow","max-snippet":"max-snippet:-1","max-image-preview":"max-image-preview:large","max-video-preview":"max-video-preview:-1"},"canonical":"https:\/\/www.physiozentrum-muri.ch\/index.php\/ueber-uns\/barbara-wick\/","og_locale":"de_DE","og_type":"article","og_title":"Barbara Wick - Physiozentrum Muri","og_description":"Barbara Wick Dipl. Physiotherapeutin FH Seit meinem Abschluss als Physiotherapeutin 1997 arbeitete ich haupts\u00e4chlich im ambulanten Bereich in diversen Privatpraxen. Zudem war ich knapp drei Jahre Betriebsphysiotherapeutin im Briefzentrum Z\u00fcrich-M\u00fclligen der Post und zuvor mehrere Jahre in der Physiotherapie Praxis","og_url":"https:\/\/www.physiozentrum-muri.ch\/index.php\/ueber-uns\/barbara-wick\/","og_site_name":"Physiozentrum Muri","article_modified_time":"2025-09-02T08:00:30+00:00","og_image":[{"url":"https:\/\/www.physiozentrum-muri.ch\/wp-content\/uploads\/2023\/12\/Barbara-816x1024.jpg","type":"","width":"","height":""}],"twitter_card":"summary_large_image","twitter_misc":{"Gesch\u00e4tzte Lesezeit":"1\u00a0Minute"},"schema":{"@context":"https:\/\/schema.org","@graph":[{"@type":"WebPage","@id":"https:\/\/www.physiozentrum-muri.ch\/index.php\/ueber-uns\/barbara-wick\/","url":"https:\/\/www.physiozentrum-muri.ch\/index.php\/ueber-uns\/barbara-wick\/","name":"Barbara Wick - Physiozentrum Muri","isPartOf":{"@id":"https:\/\/www.physiozentrum-muri.ch\/#website"},"primaryImageOfPage":{"@id":"https:\/\/www.physiozentrum-muri.ch\/index.php\/ueber-uns\/barbara-wick\/#primaryimage"},"image":{"@id":"https:\/\/www.physiozentrum-muri.ch\/index.php\/ueber-uns\/barbara-wick\/#primaryimage"},"thumbnailUrl":"https:\/\/www.physiozentrum-muri.ch\/wp-content\/uploads\/2023\/12\/Barbara-816x1024.jpg","datePublished":"2019-09-02T13:42:06+00:00","dateModified":"2025-09-02T08:00:30+00:00","breadcrumb":{"@id":"https:\/\/www.physiozentrum-muri.ch\/index.php\/ueber-uns\/barbara-wick\/#breadcrumb"},"inLanguage":"de","potentialAction":[{"@type":"ReadAction","target":["https:\/\/www.physiozentrum-muri.ch\/index.php\/ueber-uns\/barbara-wick\/"]}]},{"@type":"ImageObject","inLanguage":"de","@id":"https:\/\/www.physiozentrum-muri.ch\/index.php\/ueber-uns\/barbara-wick\/#primaryimage","url":"https:\/\/www.physiozentrum-muri.ch\/wp-content\/uploads\/2023\/12\/Barbara-scaled.jpg","contentUrl":"https:\/\/www.physiozentrum-muri.ch\/wp-content\/uploads\/2023\/12\/Barbara-scaled.jpg","width":2040,"height":2560},{"@type":"BreadcrumbList","@id":"https:\/\/www.physiozentrum-muri.ch\/index.php\/ueber-uns\/barbara-wick\/#breadcrumb","itemListElement":[{"@type":"ListItem","position":1,"name":"Startseite","item":"https:\/\/www.physiozentrum-muri.ch\/"},{"@type":"ListItem","position":2,"name":"Team","item":"https:\/\/www.physiozentrum-muri.ch\/index.php\/ueber-uns\/"},{"@type":"ListItem","position":3,"name":"Barbara Wick"}]},{"@type":"WebSite","@id":"https:\/\/www.physiozentrum-muri.ch\/#website","url":"https:\/\/www.physiozentrum-muri.ch\/","name":"Physiozentrum Muri","description":"Wohlf\u00fchlen und Gesund werden","publisher":{"@id":"https:\/\/www.physiozentrum-muri.ch\/#organization"},"potentialAction":[{"@type":"SearchAction","target":{"@type":"EntryPoint","urlTemplate":"https:\/\/www.physiozentrum-muri.ch\/?s={search_term_string}"},"query-input":{"@type":"PropertyValueSpecification","valueRequired":true,"valueName":"search_term_string"}}],"inLanguage":"de"},{"@type":"Organization","@id":"https:\/\/www.physiozentrum-muri.ch\/#organization","name":"Physiozentrum Muri, Nicole Ransburg","url":"https:\/\/www.physiozentrum-muri.ch\/","logo":{"@type":"ImageObject","inLanguage":"de","@id":"https:\/\/www.physiozentrum-muri.ch\/#\/schema\/logo\/image\/","url":"https:\/\/www.physiozentrum-muri.ch\/wp-content\/uploads\/2019\/09\/cropped-Logo-e1569530084229.jpg","contentUrl":"https:\/\/www.physiozentrum-muri.ch\/wp-content\/uploads\/2019\/09\/cropped-Logo-e1569530084229.jpg","width":400,"height":114,"caption":"Physiozentrum Muri, Nicole Ransburg"},"image":{"@id":"https:\/\/www.physiozentrum-muri.ch\/#\/schema\/logo\/image\/"}}]}},"_links":{"self":[{"href":"https:\/\/www.physiozentrum-muri.ch\/index.php\/wp-json\/wp\/v2\/pages\/56","targetHints":{"allow":["GET"]}}],"collection":[{"href":"https:\/\/www.physiozentrum-muri.ch\/index.php\/wp-json\/wp\/v2\/pages"}],"about":[{"href":"https:\/\/www.physiozentrum-muri.ch\/index.php\/wp-json\/wp\/v2\/types\/page"}],"author":[{"embeddable":true,"href":"https:\/\/www.physiozentrum-muri.ch\/index.php\/wp-json\/wp\/v2\/users\/1"}],"replies":[{"embeddable":true,"href":"https:\/\/www.physiozentrum-muri.ch\/index.php\/wp-json\/wp\/v2\/comments?post=56"}],"version-history":[{"count":20,"href":"https:\/\/www.physiozentrum-muri.ch\/index.php\/wp-json\/wp\/v2\/pages\/56\/revisions"}],"predecessor-version":[{"id":837,"href":"https:\/\/www.physiozentrum-muri.ch\/index.php\/wp-json\/wp\/v2\/pages\/56\/revisions\/837"}],"up":[{"embeddable":true,"href":"https:\/\/www.physiozentrum-muri.ch\/index.php\/wp-json\/wp\/v2\/pages\/47"}],"wp:attachment":[{"href":"https:\/\/www.physiozentrum-muri.ch\/index.php\/wp-json\/wp\/v2\/media?parent=56"}],"curies":[{"name":"wp","href":"https:\/\/api.w.org\/{rel}","templated":true}]}}