{"id":594,"date":"2022-12-01T07:06:00","date_gmt":"2022-12-01T06:06:00","guid":{"rendered":"https:\/\/www.physiozentrum-muri.ch\/?page_id=594"},"modified":"2024-12-03T09:49:09","modified_gmt":"2024-12-03T08:49:09","slug":"tobias-vollenweider","status":"publish","type":"page","link":"https:\/\/www.physiozentrum-muri.ch\/index.php\/ueber-uns\/tobias-vollenweider\/","title":{"rendered":"Tobias Vollenweider"},"content":{"rendered":"\n<div class=\"wp-block-group\"><div class=\"wp-block-group__inner-container is-layout-flow wp-block-group-is-layout-flow\">\n<div class=\"wp-block-columns is-layout-flex wp-container-core-columns-is-layout-9d6595d7 wp-block-columns-is-layout-flex\">\n<div class=\"wp-block-column is-layout-flow wp-block-column-is-layout-flow\" style=\"flex-basis:100%\">\n<div class=\"wp-block-media-text alignwide is-stacked-on-mobile\" style=\"grid-template-columns:30% auto\" id=\"Alwina-Maurer\"><figure class=\"wp-block-media-text__media\"><img loading=\"lazy\" decoding=\"async\" width=\"707\" height=\"1024\" src=\"https:\/\/www.physiozentrum-muri.ch\/wp-content\/uploads\/2024\/12\/Tobi-Neu-707x1024.jpg\" alt=\"\" class=\"wp-image-778 size-medium\" srcset=\"https:\/\/www.physiozentrum-muri.ch\/wp-content\/uploads\/2024\/12\/Tobi-Neu-707x1024.jpg 707w, https:\/\/www.physiozentrum-muri.ch\/wp-content\/uploads\/2024\/12\/Tobi-Neu-207x300.jpg 207w, https:\/\/www.physiozentrum-muri.ch\/wp-content\/uploads\/2024\/12\/Tobi-Neu-768x1113.jpg 768w, https:\/\/www.physiozentrum-muri.ch\/wp-content\/uploads\/2024\/12\/Tobi-Neu.jpg 784w\" sizes=\"auto, (max-width: 707px) 100vw, 707px\" \/><\/figure><div class=\"wp-block-media-text__content\">\n<h1 class=\"wp-block-heading\">Tobias Vollenweider<\/h1>\n\n\n\n<h4 class=\"wp-block-heading\">Dipl. Physiotherapeut FH<\/h4>\n<\/div><\/div>\n\n\n\n<p class=\"has-black-color has-text-color has-small-font-size\"><\/p>\n<\/div>\n<\/div>\n<\/div><\/div>\n\n\n\n<p>Direkt nach meiner Ausbildung zum Zimmermann hat f\u00fcr mich eine zweite Berufswahl begonnen. Ich habe mich schliesslich nach 2 Jahren der Suche f\u00fcr das Physiotherapie-Studium entschieden und bin sehr froh \u00fcber diese Wahl.<\/p>\n\n\n\n<p>W\u00e4hrend meiner Ausbildung habe ich Praktika im akuten orthop\u00e4dischen und medizinischen Bereich, im ambulanten Setting sowie in einer neurologischen Rehabilitation absolviert. Dabei haben mich die ambulante muskuloskelettale und die neurologische Behandlung besonders fasziniert.<\/p>\n\n\n\n<p>Meine eigene Faszination f\u00fcr Bewegung und Sport st\u00e4rkt meine Motivation zur Physiotherapie. Nebst der physiotherapeutischen Herangehensweise interessiere ich mich stark f\u00fcr Psychologie und Ern\u00e4hrung. Beides scheint f\u00fcr mich essentiell f\u00fcr eine ganzheitliche Behandlung und versuche ich in meine Behandlung zu integrieren.<\/p>\n\n\n\n<p>Wir freuen uns, dass Tobias das Physiozentrum Muri ab August 2024 unterst\u00fctzen wird.<\/p>\n\n\n\n<p><\/p>\n","protected":false},"excerpt":{"rendered":"<p>Tobias Vollenweider Dipl. Physiotherapeut FH Direkt nach meiner Ausbildung zum Zimmermann hat f\u00fcr mich eine zweite Berufswahl begonnen. Ich habe mich schliesslich nach 2 Jahren der Suche f\u00fcr das Physiotherapie-Studium entschieden und bin sehr froh \u00fcber diese Wahl. W\u00e4hrend meiner<\/p>\n","protected":false},"author":2,"featured_media":0,"parent":47,"menu_order":9,"comment_status":"closed","ping_status":"closed","template":"","meta":{"footnotes":""},"class_list":["post-594","page","type-page","status-publish","hentry"],"yoast_head":"<!-- This site is optimized with the Yoast SEO plugin v26.0 - https:\/\/yoast.com\/wordpress\/plugins\/seo\/ -->\n<title>Tobias Vollenweider - Physiozentrum Muri<\/title>\n<meta name=\"robots\" content=\"index, follow, max-snippet:-1, max-image-preview:large, max-video-preview:-1\" \/>\n<link rel=\"canonical\" href=\"https:\/\/www.physiozentrum-muri.ch\/index.php\/ueber-uns\/tobias-vollenweider\/\" \/>\n<meta property=\"og:locale\" content=\"de_DE\" \/>\n<meta property=\"og:type\" content=\"article\" \/>\n<meta property=\"og:title\" content=\"Tobias Vollenweider - Physiozentrum Muri\" \/>\n<meta property=\"og:description\" content=\"Tobias Vollenweider Dipl. Physiotherapeut FH Direkt nach meiner Ausbildung zum Zimmermann hat f\u00fcr mich eine zweite Berufswahl begonnen. Ich habe mich schliesslich nach 2 Jahren der Suche f\u00fcr das Physiotherapie-Studium entschieden und bin sehr froh \u00fcber diese Wahl. W\u00e4hrend meiner\" \/>\n<meta property=\"og:url\" content=\"https:\/\/www.physiozentrum-muri.ch\/index.php\/ueber-uns\/tobias-vollenweider\/\" \/>\n<meta property=\"og:site_name\" content=\"Physiozentrum Muri\" \/>\n<meta property=\"article:modified_time\" content=\"2024-12-03T08:49:09+00:00\" \/>\n<meta property=\"og:image\" content=\"https:\/\/www.physiozentrum-muri.ch\/wp-content\/uploads\/2024\/12\/Tobi-Neu-707x1024.jpg\" \/>\n<meta name=\"twitter:card\" content=\"summary_large_image\" \/>\n<meta name=\"twitter:label1\" content=\"Gesch\u00e4tzte Lesezeit\" \/>\n\t<meta name=\"twitter:data1\" content=\"1\u00a0Minute\" \/>\n<script type=\"application\/ld+json\" class=\"yoast-schema-graph\">{\"@context\":\"https:\/\/schema.org\",\"@graph\":[{\"@type\":\"WebPage\",\"@id\":\"https:\/\/www.physiozentrum-muri.ch\/index.php\/ueber-uns\/tobias-vollenweider\/\",\"url\":\"https:\/\/www.physiozentrum-muri.ch\/index.php\/ueber-uns\/tobias-vollenweider\/\",\"name\":\"Tobias Vollenweider - Physiozentrum Muri\",\"isPartOf\":{\"@id\":\"https:\/\/www.physiozentrum-muri.ch\/#website\"},\"primaryImageOfPage\":{\"@id\":\"https:\/\/www.physiozentrum-muri.ch\/index.php\/ueber-uns\/tobias-vollenweider\/#primaryimage\"},\"image\":{\"@id\":\"https:\/\/www.physiozentrum-muri.ch\/index.php\/ueber-uns\/tobias-vollenweider\/#primaryimage\"},\"thumbnailUrl\":\"https:\/\/www.physiozentrum-muri.ch\/wp-content\/uploads\/2024\/12\/Tobi-Neu-707x1024.jpg\",\"datePublished\":\"2022-12-01T06:06:00+00:00\",\"dateModified\":\"2024-12-03T08:49:09+00:00\",\"breadcrumb\":{\"@id\":\"https:\/\/www.physiozentrum-muri.ch\/index.php\/ueber-uns\/tobias-vollenweider\/#breadcrumb\"},\"inLanguage\":\"de\",\"potentialAction\":[{\"@type\":\"ReadAction\",\"target\":[\"https:\/\/www.physiozentrum-muri.ch\/index.php\/ueber-uns\/tobias-vollenweider\/\"]}]},{\"@type\":\"ImageObject\",\"inLanguage\":\"de\",\"@id\":\"https:\/\/www.physiozentrum-muri.ch\/index.php\/ueber-uns\/tobias-vollenweider\/#primaryimage\",\"url\":\"https:\/\/www.physiozentrum-muri.ch\/wp-content\/uploads\/2024\/12\/Tobi-Neu.jpg\",\"contentUrl\":\"https:\/\/www.physiozentrum-muri.ch\/wp-content\/uploads\/2024\/12\/Tobi-Neu.jpg\",\"width\":784,\"height\":1136},{\"@type\":\"BreadcrumbList\",\"@id\":\"https:\/\/www.physiozentrum-muri.ch\/index.php\/ueber-uns\/tobias-vollenweider\/#breadcrumb\",\"itemListElement\":[{\"@type\":\"ListItem\",\"position\":1,\"name\":\"Startseite\",\"item\":\"https:\/\/www.physiozentrum-muri.ch\/\"},{\"@type\":\"ListItem\",\"position\":2,\"name\":\"Team\",\"item\":\"https:\/\/www.physiozentrum-muri.ch\/index.php\/ueber-uns\/\"},{\"@type\":\"ListItem\",\"position\":3,\"name\":\"Tobias Vollenweider\"}]},{\"@type\":\"WebSite\",\"@id\":\"https:\/\/www.physiozentrum-muri.ch\/#website\",\"url\":\"https:\/\/www.physiozentrum-muri.ch\/\",\"name\":\"Physiozentrum Muri\",\"description\":\"Wohlf\u00fchlen und Gesund werden\",\"publisher\":{\"@id\":\"https:\/\/www.physiozentrum-muri.ch\/#organization\"},\"potentialAction\":[{\"@type\":\"SearchAction\",\"target\":{\"@type\":\"EntryPoint\",\"urlTemplate\":\"https:\/\/www.physiozentrum-muri.ch\/?s={search_term_string}\"},\"query-input\":{\"@type\":\"PropertyValueSpecification\",\"valueRequired\":true,\"valueName\":\"search_term_string\"}}],\"inLanguage\":\"de\"},{\"@type\":\"Organization\",\"@id\":\"https:\/\/www.physiozentrum-muri.ch\/#organization\",\"name\":\"Physiozentrum Muri, Nicole Ransburg\",\"url\":\"https:\/\/www.physiozentrum-muri.ch\/\",\"logo\":{\"@type\":\"ImageObject\",\"inLanguage\":\"de\",\"@id\":\"https:\/\/www.physiozentrum-muri.ch\/#\/schema\/logo\/image\/\",\"url\":\"https:\/\/www.physiozentrum-muri.ch\/wp-content\/uploads\/2019\/09\/cropped-Logo-e1569530084229.jpg\",\"contentUrl\":\"https:\/\/www.physiozentrum-muri.ch\/wp-content\/uploads\/2019\/09\/cropped-Logo-e1569530084229.jpg\",\"width\":400,\"height\":114,\"caption\":\"Physiozentrum Muri, Nicole Ransburg\"},\"image\":{\"@id\":\"https:\/\/www.physiozentrum-muri.ch\/#\/schema\/logo\/image\/\"}}]}<\/script>\n<!-- \/ Yoast SEO plugin. -->","yoast_head_json":{"title":"Tobias Vollenweider - Physiozentrum Muri","robots":{"index":"index","follow":"follow","max-snippet":"max-snippet:-1","max-image-preview":"max-image-preview:large","max-video-preview":"max-video-preview:-1"},"canonical":"https:\/\/www.physiozentrum-muri.ch\/index.php\/ueber-uns\/tobias-vollenweider\/","og_locale":"de_DE","og_type":"article","og_title":"Tobias Vollenweider - Physiozentrum Muri","og_description":"Tobias Vollenweider Dipl. Physiotherapeut FH Direkt nach meiner Ausbildung zum Zimmermann hat f\u00fcr mich eine zweite Berufswahl begonnen. Ich habe mich schliesslich nach 2 Jahren der Suche f\u00fcr das Physiotherapie-Studium entschieden und bin sehr froh \u00fcber diese Wahl. W\u00e4hrend meiner","og_url":"https:\/\/www.physiozentrum-muri.ch\/index.php\/ueber-uns\/tobias-vollenweider\/","og_site_name":"Physiozentrum Muri","article_modified_time":"2024-12-03T08:49:09+00:00","og_image":[{"url":"https:\/\/www.physiozentrum-muri.ch\/wp-content\/uploads\/2024\/12\/Tobi-Neu-707x1024.jpg","type":"","width":"","height":""}],"twitter_card":"summary_large_image","twitter_misc":{"Gesch\u00e4tzte Lesezeit":"1\u00a0Minute"},"schema":{"@context":"https:\/\/schema.org","@graph":[{"@type":"WebPage","@id":"https:\/\/www.physiozentrum-muri.ch\/index.php\/ueber-uns\/tobias-vollenweider\/","url":"https:\/\/www.physiozentrum-muri.ch\/index.php\/ueber-uns\/tobias-vollenweider\/","name":"Tobias Vollenweider - Physiozentrum Muri","isPartOf":{"@id":"https:\/\/www.physiozentrum-muri.ch\/#website"},"primaryImageOfPage":{"@id":"https:\/\/www.physiozentrum-muri.ch\/index.php\/ueber-uns\/tobias-vollenweider\/#primaryimage"},"image":{"@id":"https:\/\/www.physiozentrum-muri.ch\/index.php\/ueber-uns\/tobias-vollenweider\/#primaryimage"},"thumbnailUrl":"https:\/\/www.physiozentrum-muri.ch\/wp-content\/uploads\/2024\/12\/Tobi-Neu-707x1024.jpg","datePublished":"2022-12-01T06:06:00+00:00","dateModified":"2024-12-03T08:49:09+00:00","breadcrumb":{"@id":"https:\/\/www.physiozentrum-muri.ch\/index.php\/ueber-uns\/tobias-vollenweider\/#breadcrumb"},"inLanguage":"de","potentialAction":[{"@type":"ReadAction","target":["https:\/\/www.physiozentrum-muri.ch\/index.php\/ueber-uns\/tobias-vollenweider\/"]}]},{"@type":"ImageObject","inLanguage":"de","@id":"https:\/\/www.physiozentrum-muri.ch\/index.php\/ueber-uns\/tobias-vollenweider\/#primaryimage","url":"https:\/\/www.physiozentrum-muri.ch\/wp-content\/uploads\/2024\/12\/Tobi-Neu.jpg","contentUrl":"https:\/\/www.physiozentrum-muri.ch\/wp-content\/uploads\/2024\/12\/Tobi-Neu.jpg","width":784,"height":1136},{"@type":"BreadcrumbList","@id":"https:\/\/www.physiozentrum-muri.ch\/index.php\/ueber-uns\/tobias-vollenweider\/#breadcrumb","itemListElement":[{"@type":"ListItem","position":1,"name":"Startseite","item":"https:\/\/www.physiozentrum-muri.ch\/"},{"@type":"ListItem","position":2,"name":"Team","item":"https:\/\/www.physiozentrum-muri.ch\/index.php\/ueber-uns\/"},{"@type":"ListItem","position":3,"name":"Tobias Vollenweider"}]},{"@type":"WebSite","@id":"https:\/\/www.physiozentrum-muri.ch\/#website","url":"https:\/\/www.physiozentrum-muri.ch\/","name":"Physiozentrum Muri","description":"Wohlf\u00fchlen und Gesund werden","publisher":{"@id":"https:\/\/www.physiozentrum-muri.ch\/#organization"},"potentialAction":[{"@type":"SearchAction","target":{"@type":"EntryPoint","urlTemplate":"https:\/\/www.physiozentrum-muri.ch\/?s={search_term_string}"},"query-input":{"@type":"PropertyValueSpecification","valueRequired":true,"valueName":"search_term_string"}}],"inLanguage":"de"},{"@type":"Organization","@id":"https:\/\/www.physiozentrum-muri.ch\/#organization","name":"Physiozentrum Muri, Nicole Ransburg","url":"https:\/\/www.physiozentrum-muri.ch\/","logo":{"@type":"ImageObject","inLanguage":"de","@id":"https:\/\/www.physiozentrum-muri.ch\/#\/schema\/logo\/image\/","url":"https:\/\/www.physiozentrum-muri.ch\/wp-content\/uploads\/2019\/09\/cropped-Logo-e1569530084229.jpg","contentUrl":"https:\/\/www.physiozentrum-muri.ch\/wp-content\/uploads\/2019\/09\/cropped-Logo-e1569530084229.jpg","width":400,"height":114,"caption":"Physiozentrum Muri, Nicole Ransburg"},"image":{"@id":"https:\/\/www.physiozentrum-muri.ch\/#\/schema\/logo\/image\/"}}]}},"_links":{"self":[{"href":"https:\/\/www.physiozentrum-muri.ch\/index.php\/wp-json\/wp\/v2\/pages\/594","targetHints":{"allow":["GET"]}}],"collection":[{"href":"https:\/\/www.physiozentrum-muri.ch\/index.php\/wp-json\/wp\/v2\/pages"}],"about":[{"href":"https:\/\/www.physiozentrum-muri.ch\/index.php\/wp-json\/wp\/v2\/types\/page"}],"author":[{"embeddable":true,"href":"https:\/\/www.physiozentrum-muri.ch\/index.php\/wp-json\/wp\/v2\/users\/2"}],"replies":[{"embeddable":true,"href":"https:\/\/www.physiozentrum-muri.ch\/index.php\/wp-json\/wp\/v2\/comments?post=594"}],"version-history":[{"count":17,"href":"https:\/\/www.physiozentrum-muri.ch\/index.php\/wp-json\/wp\/v2\/pages\/594\/revisions"}],"predecessor-version":[{"id":781,"href":"https:\/\/www.physiozentrum-muri.ch\/index.php\/wp-json\/wp\/v2\/pages\/594\/revisions\/781"}],"up":[{"embeddable":true,"href":"https:\/\/www.physiozentrum-muri.ch\/index.php\/wp-json\/wp\/v2\/pages\/47"}],"wp:attachment":[{"href":"https:\/\/www.physiozentrum-muri.ch\/index.php\/wp-json\/wp\/v2\/media?parent=594"}],"curies":[{"name":"wp","href":"https:\/\/api.w.org\/{rel}","templated":true}]}}